) = -3*p**2 + p - 1. Let k(w) = -2*w**2 + w - 1. Let h(o) = 5*k(o) - 4*u(o). Calculate h(l).
5
Let s(f) be the second derivative of 1/12*f**4 + 2*f + 1/6*f**3 - 5/2*f**2 + 0. Suppose 2*q = 0, 14 = 2*a - 5*q + 22. Determine s(a).
7
Let b(t) = 0*t**2 - 4*t - 50 - t**2 + 58. Let x(c) = 23*c**3 + 3*c**2 + 9*c - 2. Let h be x(-2). Let d = h - -186. Calculate b(d).
-4
Let h(a) = a**3 - a**2 - 2*a + 4. Suppose 310 - 285 = 5*d. Suppose -3 = -g - 3*p, -8 = -d*p + p. What is h(g)?
-26
Let z = -20 + 29. Suppose -z*v - 29 + 11 = 0. Let n be -4 - (v - -2) - 1. Let h(q) = q - 6. What is h(n)?
-11
Let z(b) = -b**2 + 5*b + 7. Let c = -288 + 286. What is z(c)?
-7
Suppose -2169 = 178*z - 1813. Let s(f) = -f**3 - 2*f**2 + 2 - 2*f + 4*f**2 - 5*f**2. Calculate s(z).
2
Let d(i) = -5*i**2 + 65*i - 20. Let w(h) = h + 2. Let v(u) = -u**2 + 14*u - 9. Let o(y) = -v(y) - 2*w(y). Let t(j) = 2*d(j) + 9*o(j). Determine t(-14).
5
Let m(a) = -a + 46. Let w be m(46). Suppose x + 5*g - 15 = w, -g + 6 = -2*x - 8. Let l(u) = 5*u + 14. Let q(y) = -y - 1. Let o(p) = l(p) + 4*q(p). What is o(x)?
5
Let s(j) = -7*j**2 - 7*j - 83. Let i(w) = 6*w**2 + 5*w + 70. Let c(k) = -6*i(k) - 5*s(k). Determine c(8).
-29
Suppose -13 = 4*m - 169. Let j(a) = -a**2 + 48 + 2*a**2 - 8*a - m. Suppose -d + 0 + 7 = 0. Determine j(d).
2
Let s(i) = 3*i**2 - 7*i - 6. Let r(t) = 2*t**2 + 4*t. Let y(v) = 2*r(v) - s(v). Determine y(-13).
-20
Let d be 2/5*8/(272/(-85))*-1. Let k(y) be the second derivative of -3*y**4/4 - y**3/3 + y**2/2 + 2*y. Give k(d).
-10
Let p(j) = -j**3 + 3*j**2 + 7*j - 6. Let a be p(4). Let c(d) = 118*d**3 - 1 - 15*d**2 + 10*d**2 - 13*d - 117*d**3 + 7*d + 7. Determine c(a).
6
Let j(y) be the first derivative of -29*y**2/2 - 18*y + 5458. Determine j(3).
-105
Let q(u) = -2*u - 45. Let k(j) = 10*j - 386. Let h(g) = -k(g) + 5*q(g). Give h(8).
1
Let h(j) = j + 0*j + 0*j + 3. Let o be h(-5). Let l(m) = -m**2 - 4*m + 4. Let y(c) = -4*c**2 - 18*c + 21. Let n(f) = 10*l(f) - 2*y(f). Determine n(o).
-2
Let q be (-37)/(-6)*4 + (-10)/15. Let f(m) = q - 159*m**2 + m**3 - 2*m - 22 + 159*m**2. Determine f(2).
6
Suppose 9*p = 4*p + 50. Let l(n) = -100*n**2 + 12*n - 5. Let w(g) = -33*g**2 + g - 1. Let m(v) = l(v) - 3*w(v). Calculate m(p).
-12
Suppose -19*y + 8 = 8. Let v(u) = u**2 - 1. Let w(b) = -b**3 + 2*b**2 - b + 2. Suppose 5*k = 2*k + 3*a - 12, -a = -5. Let m(n) = k*w(n) - 2*v(n). What is m(y)?
4
Let w = -818 - -473. Let n = w - -356. Let m(l) = -l**3 + 10*l**2 + 11*l + 1. Determine m(n).
1
Let n(o) = 41*o**3 - 18*o**2 - 147*o + 78. Let u(r) = 15*r**3 - 6*r**2 - 55*r + 26. Let p(m) = 4*n(m) - 11*u(m). What is p(-9)?
116
Let l(s) be the third derivative of -s**4/8 + s**3/2 - 208*s**2. Let k be 6/(20/(-8) - -3). Suppose 5*h = h + k. What is l(h)?
-6
Let p(h) be the first derivative of 6*h**2 - 133*h + 10062. Give p(11).
-1
Let h(b) = -b + 11. Let q(y) = y**3 + 9*y**2 + 8*y + 5. Let v be q(-8). Let t(o) = -3*o + 21. Let g(m) = v*h(m) - 2*t(m). Give g(-13).
0
Let j(y) = -2*y**3 + 5*y**2 + 5*y - 2. Let d be j(3). Suppose -d*g = -0*g - 12. Let f(w) = -40*w**3 - 7 + 41*w**3 + 3*w**2 - g*w + 1. What is f(-4)?
-10
Let o(x) be the third derivative of -x**6/60 + x**5/12 - 7*x**4/24 + x**3/6 + 24*x**2 - 3*x + 19. Give o(1).
-3
Let g(q) be the second derivative of -q**5/20 - q**4/12 + q**3/6 + q**2/2 - 2*q. Suppose -6 + 18 + 4 = -16*y. Determine g(y).
0
Let a(d) = -d**3 + 6*d**2 - 5*d - 6. Suppose 5*j + 7*y = -13, -2*j + 2*y = -y - 18. What is a(j)?
6
Let o(q) = -2*q. Let s = 46 - 47. Let h be -2 - (s + 0) - (-520)/8. Let z = h + -66. Determine o(z).
4
Let s(y) = -9*y - 53. Let u(p) = p**2 - 326*p - 2335. Let f be u(-7). What is s(f)?
-17
Let g(a) be the first derivative of -5*a**2/2 - 137*a + 3368. Calculate g(-25).
-12
Let d(z) = 3*z + 3. Let j = -41 + 52. Suppose 162 = j*b - 8*b. Let t = b + -51. Determine d(t).
12
Let y(s) = 5*s**2 - 33*s - 2. Let h(u) = -14*u**2 + 97*u + 2. Let t(m) = -4*h(m) - 11*y(m). Calculate t(24).
-10
Let h(a) = 3*a + 1. Let u = 62 - 53. Let n be ((-5 - -1) + u)/1 + -2. Determine h(n).
10
Let f(c) = 50 + 41 - 78 + 42*c**2 - 2*c + 0*c - 14. Determine f(-1).
43
Let t(n) = 3649*n**3 - 3650*n**3 + n - 6 + 2 - 5*n**2. Let z be (24 + -3)*(-6)/18 - -1. Determine t(z).
26
Let w(u) = 15019 + 3*u**2 - 15015 - 2*u**2 + 12*u. Let y be w(0). Let s(k) = -3*k + k + 2*k - k + 5. Determine s(y).
1
Let s(t) = -3*t + 4. Let q be -2 - 3*(-42)/18. Suppose 2*a - 4*g + 13 = -q, -3*a + 2*g = 19. Give s(a).
19
Let o(l) = l**3 + 6*l**2 + 5*l - 1. Suppose -13 = g - 2. Let p = -16 - g. What is o(p)?
-1
Let y be 39/(-195) + (1 - 1/(-5)). Let d(b) = -160*b**2 - 159*b**2 + y + b + 318*b**2. Give d(3).
-5
Let u = -225 + 220. Let b be ((-6)/u)/(1 + (-77)/55). Let h(l) = -2*l**2 - 5*l - 2. What is h(b)?
-5
Let r(p) = 13*p - 239. Let y be r(31). Let n = -168 + y. Let l(v) = -2*v**2 - 9*v + 1. What is l(n)?
5
Let a(q) = 52 - 2*q**2 - 52 - 46*q + 31*q. Determine a(-7).
7
Suppose 5*q = 128 - 108. Let v(h) = 0*h - 5 + 15*h - 6*h - 6*h. Calculate v(q).
7
Let o be (-12)/(-8)*(-40)/(-15). Let f be 8/(-36) - 38/(-9). Let l(v) = -v + 3 - f + 0 + 2*v. Determine l(o).
3
Suppose -57 + 13 = -44*l. Let g(f) = f**2 + f + 1. Let m(n) = 5*n**2 + 3*n + 2. Let o(w) = 3*g(w) - m(w). Determine o(l).
-1
Let z(i) = 48*i**2 - 105*i**3 - 99*i**3 - 107*i**3 + 415*i**3 - 106*i**3. Calculate z(24).
0
Let r(u) = -6*u - 12. Let k(b) = -13*b + 319. Let d be k(25). Calculate r(d).
24
Let h(p) be the third derivative of -p**6/360 - 7*p**5/60 - p**4/8 - p**3/6 + 3*p**2 - 1. Let v(r) be the second derivative of h(r). Determine v(-7).
0
Let l be 2*-1*(-6 - -4). Let b be 4 - (2 - (l + -4)/2). Let h be (-4)/(48/(-114)) + (-1)/b. Let o(c) = c - 3. What is o(h)?
6
Let j be (8 - 351/45)*5 - 10. Let s(z) = -2*z**2 - 13*z + 54. What is s(j)?
9
Let p(t) = 93 + 85 + 9*t - 262 - 11*t + 86. What is p(2)?
-2
Let x = -1 + 4. Let v(j) be the second derivative of -j**3/6 + 5*j**2/2 - 3277*j. What is v(x)?
2
Let o(d) be the second derivative of -13*d**3/2 - 5*d**2/2 - 5033*d. Calculate o(-3).
112
Let n(a) = -5*a**3 - a**2 - 2*a - 1. Let v be 13/4*(-48)/(-104) - (-5)/(-2). Give n(v).
5
Suppose -7 = -v - o, v - 8*o = -3*o - 23. Let c(u) be the first derivative of 1/4*u**4 - 4/3*u**3 + 3*u - 1 + 1/2*u**v. What is c(4)?
7
Let t(o) be the third derivative of o**4/24 + o**2. Suppose z - 5*g + 0*g = -11, 3*z - 27 = -5*g. Let l be ((z/(-5))/2)/((-35)/(-525)). Determine t(l).
-6
Let b(k) be the third derivative of -k**6/120 + 11*k**5/60 - 13*k**3/6 + k**2. Let g = -116582 + 116593. Determine b(g).
-13
Let g be (-83 + -3)/(9/(-36)*4). Let k = g - 86. Let n(y) = y**2 - 34. What is n(k)?
-34
Let x(o) = -o - 1. Let a be (1 + (-5 - 2))*(-35)/(-14). Let r = 17 + a. What is x(r)?
-3
Suppose 2*h = -3*j + 22, 2*j - h - 1 = 23. Let r(z) = -z + 8. Let b(f) = -f + 7. Suppose -7*t - 18 - 10 = 0. Let s(y) = t*r(y) + 3*b(y). Give s(j).
-1
Let g = -433 - -436. Let f(c) = -7*c**3 - c**2 + 11*c**3 + 4 - 3 + 0*c**3 - g*c**3 - 5*c. Give f(2).
-5
Let i(v) = -v**3 - 3*v**2 + 2*v + 2. Suppose 5*f + c - 282 = 0, 2*c = 3*f + 5*c - 174. Suppose -f = 10*x - 16. Determine i(x).
10
Let l(r) = -32*r + 129. Let g(p) = 2*p**3 + 27*p**2 - 12*p - 321. Let f be g(-13). Calculate l(f).
1
Let u(f) = -f**3 + 4*f**2 + 5*f + 1. Let x = 69 - -43. Suppose -x*g + 113*g = 5. Give u(g).
1
Let p(m) = -2*m - 4755*m**2 + 9511*m**2 + m**3 + 7 - 4754*m**2. Calculate p(0).
7
Let b(f) be the first derivative of 19*f**2/2 + 72. Let k(j) = 54*j + 1. Let y(g) = -8*b(g) + 3*k(g). Calculate y(-1).
-7
Let z(l) = l**2 - 14*l + 20. Suppose 12 = q + u, -4*q - u - 262 = -313. Give z(q).
7
Let j(c) be the second derivative of -c**5/20 + 25*c**4/12 + 14*c**3/3 - 43*c**2/2 - 2*c - 39. Let y be j(26). Let v(a) = a**2 - 8*a - 18. Give v(y).
-9
Suppose 3*p = 15, -p = -5*w + 4*p. Let o(i) be the first derivative of -3*i - 1/3*i**3 + 4*i**2 - 1. Determine o(w).
12
Suppose 9*h - 8 - 82 = -21*h. Let f(z) = -5*z - 12. Determine f(h).
-27
Let i(w) = 209*w + 1878. Let q be i(-9). Let l(p) = 2*p**2 + 5. Determine l(q).
23
Let r(a) be the first derivative of a**3/3 + 3*a**2 + 5*a + 14629. Let f(w) = w**2 + 3*w - 4. Let x be f(-3). Calculate r(x).
-3
Let a(n) = -n**3 + 3*n**2 + 55*n - 2. Let j be a(-10). Let g = j + -748. Let o(h) = -h**2 - h + 15. What 